/(-28))/((-1)/b)?
2, 3, 61
Let h(j) = j**2 + 6*j + 54. Let d be h(11). Suppose 480 + d = 7*k. What are the prime factors of k?
103
Let n = 37573 - 22509. What are the prime factors of n?
2, 7, 269
Suppose 0 = 3*r + r - 4. Let h(q) = 43*q**3 + 3*q**2 - q - 1. Let p be h(r). Let u = 77 - p. List the prime factors of u.
3, 11
Let j(f) = -f**3 + 16*f**2 - 11*f + 5. Let a be j(14). Let s = 313 - a. What are the prime factors of s?
2, 5, 7
List the prime factors of (-10)/2 - (-20459 - -19)/7.
5, 11, 53
Suppose 3*f - 3852 = -4*d + 41306, -3*f = -5*d + 56488. What are the prime factors of d?
2, 5647
Suppose 2*y + 5*g - 10 = -0*y, 5*y + 3*g = 25. Suppose y*n + 3*d = 1277, 2*n + 2*n - 1021 = -3*d. List the prime factors of n.
2
Let m = -4816 + 5625. List the prime factors of m.
809
Suppose 5*p = 3*i + 44354, 101*p = 103*p - 2*i - 17740. What are the prime factors of p?
2, 1109
Let v(u) = -2*u**2 - 58*u + 128. Let y(m) = -3*m**2 - 87*m + 193. Let x(g) = 8*v(g) - 5*y(g). What are the prime factors of x(-15)?
269
Let h = -11764 - -14637. List the prime factors of h.
13, 17
Let k(l) = l**3 - 19*l**2 + 14*l - 7. Let n be k(18). Let c = -66 - n. Suppose 12*u + 129 = c*u. What are the prime factors of u?
3, 43
Let k be (-9)/((9 + 3)/(-4)). Suppose 4*s - 3 + 19 = 0, 16 = k*f - s. List the prime factors of 124*(15/(-4) + f).
31
Suppose -165 - 195 = -45*r. Suppose -7*n + r*n = 1649. What are the prime factors of n?
17, 97
Let z = -24145 + 34281. List the prime factors of z.
2, 7, 181
Let o(j) = -27*j + 165. Let t be o(6). Suppose 0 = k + 4*y - 88, 5*y = -18 + t. What are the prime factors of k?
2, 5
Suppose -3*m - 3*u = 36 - 0, -2*u = 4*m + 50. Let d = 16 + m. Suppose -d*j + 6*i = 3*i - 63, 51 = j + 5*i. List the prime factors of j.
2, 13
Let u(q) = -6*q**3 + 2*q**2 + q + 1904. What are the prime factors of u(0)?
2, 7, 17
Let c(s) = s + 19. Let w be c(-12). Let z be w/14*780/(-2). Let o = z - -282. List the prime factors of o.
3, 29
Let d(h) = -26 + 12*h + 6*h + 28 - h**2 + 2*h. What are the prime factors of d(13)?
3, 31
Let o be ((-3)/9)/((-9)/(-27)). Let z(p) = 11*p**2 + 3*p + 4. What are the prime factors of z(o)?
2, 3
Let j be (-4)/(-8) + (-12775)/(-10). Let i = j + -699. What are the prime factors of i?
3, 193
Let o = -226 - -230. Suppose 3*k + 2961 = 5*h - 0*k, 2372 = o*h - 4*k. List the prime factors of h.
3, 197
Let w(a) be the second derivative of -a**3/6 + 41*a**2/2 + 10*a. Let c = 150 - 143. List the prime factors of w(c).
2, 17
Suppose 2*g = g + 3. Let h(w) be the second derivative of w**4/12 + w**3/3 - w**2 - 10*w. What are the prime factors of h(g)?
13
Suppose -1635 = -3*z - 4*i, -4*z = 3*i - 1968 - 205. Let v = z + -344. List the prime factors of v.
197
Let r be 144/15*10/(-3) - 0. Let w(z) = -9*z - 7. Let g be w(-5). Let j = g + r. What are the prime factors of j?
2, 3
Let c(n) = 2472*n + 5724. List the prime factors of c(28).
2, 3, 5, 1249
Let h = 11723 - -14449. List the prime factors of h.
2, 3, 727
Let d be (644 - -6) + -2 + (-3)/(-3). Let h = 1097 - d. List the prime factors of h.
2, 7
Let f(z) = 8*z + 15. Let l be f(8). Suppose 3*w + 4*j = l + 731, 4*w - 5*j - 1080 = 0. Suppose 0 = -7*a + 4*a + w. List the prime factors of a.
2, 3, 5
Let z(s) = 0*s - 5*s + 7 - 7*s**2 - 5*s - 1. Let k be z(4). Let g = 325 + k. List the prime factors of g.
179
Suppose -5*g + 6 = -3*g. Let c(z) = -9*z**2 + 13*z + 20. Let v(b) = -10*b**2 + 12*b + 16. Let r(t) = 5*c(t) - 6*v(t). List the prime factors of r(g).
2, 59
List the prime factors of (0 + 4)/((12/(-10158))/(-1)).
2, 1693
Suppose 18 = 3*d - 4*p, -4*p + 0*p - 6 = -d. Suppose j = d*j - 795. What are the prime factors of j?
3, 53
Let z be (237/(-6) - -2)*2. Let k = 80 + z. Suppose -t + 148 = -2*a, -k*t + 0*a + 740 = 2*a. What are the prime factors of t?
2, 37
Let r(w) be the second derivative of w**5/10 + w**4/24 + 2*w**3 + 5*w**2 + 19*w. Let f(a) be the first derivative of r(a). What are the prime factors of f(4)?
2, 7
Let f(z) = -15 - 9*z**2 - 13*z - 3 - z**3 - 3*z**2. Let o be f(-11). Suppose 9*i - 530 = o*i. What are the prime factors of i?
2, 53
Let g(v) = -208*v + 16. Suppose -7*b + b = -18. Let a be g(b). List the prime factors of (7/(-14))/(-3 - 1822/a).
2, 19
Suppose -4 - 2 = -4*i + 2*r, -9 = 4*i - 5*r. Let o(b) = -3*b + 18. Let y be o(i). Suppose y*k - 499 + 127 = 0. What are the prime factors of k?
2, 31
Suppose -38*b + 78*b - 38*b - 2866 = 0. What are the prime factors of b?
1433
Suppose 42*f = 66*f + 6336. Let w = 196 + -373. Let v = w - f. List the prime factors of v.
3, 29
What are the prime factors of 3 + -12 + 51592/8 + 3?
17, 379
Suppose 2*n = -4*n + n. Let g(t) = t**3 + t**2 + 344. What are the prime factors of g(n)?
2, 43
Suppose -5*x - 4*s + 46598 = 0, 3*x + 5*s - 19132 = 8806. List the prime factors of x.
2, 4663
Let s = -113 - -117. Let n be 2/(-4 - s)*-4. List the prime factors of (n/(-3))/(5/(-1905)).
127
Let g(o) = -1115*o + 5933. What are the prime factors of g(-26)?
3, 7, 1663
Let t be (472 + -1)/(1/1). Let y(g) = g**2 + g + 89. Let h be y(15). Let d = t - h. List the prime factors of d.
2, 71
Let c = -1276 - -3772. What are the prime factors of c?
2, 3, 13
List the prime factors of 10470/18*((-8)/14 - 4646/(-707)).
2, 5, 349
Suppose 1488 = 5*i + 2*c, 2*c - 824 - 68 = -3*i. Let j be (6 - (4 - 1)) + -182. Let z = i + j. List the prime factors of z.
7, 17
Suppose z = 5*z + 2*i - 7598, i = -z + 1900. Let o = z + -930. List the prime factors of o.
3, 17, 19
List the prime factors of (-1)/((-39 - -22)/798881).
46993
Let x(c) = 3*c**2 + 5*c - 3. Let t be (5/(-10)*22)/(-1). What are the prime factors of x(t)?
5, 83
Let h = -3143 + 10703. What are the prime factors of h?
2, 3, 5, 7
Let u be (-26)/117 - (-8)/36. Suppose -47*d + 21463 + 8993 = u. What are the prime factors of d?
2, 3
Let i = 411 - 325. Let x = i + 1159. What are the prime factors of x?
3, 5, 83
Let q(v) = -5*v + 5. Let o be q(3). Let k = o + 10. Suppose 5*p - 136 = -k*l - 2*l, 3*p + 12 = 0. List the prime factors of l.
2, 3, 13
Let d(a) be the first derivative of 7*a**3/3 + 8*a**2 - 79*a - 119. What are the prime factors of d(5)?
2, 11
Let t(p) = 201*p**2 - 161*p - 2104. List the prime factors of t(-15).
2, 1423
Let m(b) = -1026*b + 2268. What are the prime factors of m(-16)?
2, 3, 173
Let d(u) = u**3 - 6*u**2 + 17*u - 7. Let s be d(7). Let f = 494 - s. List the prime factors of f.
3, 37
Let u be (-22)/(-5) + 98/(-245). List the prime factors of (9 - (-156)/(-20))*1970/u.
3, 197
Suppose 4*g + 78 - 198 = 0. Suppose 4*s - 292 = -0*s. Let a = s - g. What are the prime factors of a?
43
Suppose -2*a - 2*a = 2*y + 12, 0 = a + 3*y + 8. Let q(m) = m**2 + 10*m - 11. Let t be q(-13). What are the prime factors of (-98)/(-16)*t - (-3)/a?
2, 5, 17
Suppose -48*a + 3*m = -44*a - 86658, 5*a - 4*m - 108321 = 0. List the prime factors of a.
3, 31, 233
Let u(h) = 2 - 16*h**2 + h - 92*h**2 + 103*h**2 + h**3. Let i = 21 - 15. What are the prime factors of u(i)?
2, 11
Let t = 8 + -40. Let x = t + 35. Suppose s = -x, l - 170 = 2*s + s. List the prime factors of l.
7, 23
Suppose 26*m = 8*m + 36. Suppose -m*g - 23*g + 16875 = 0. What are the prime factors of g?
3, 5
Let y(u) = -u**2 + 16*u - 24. Let f be y(14). Suppose f*b - 3*b - 3 = 0. Suppose 0 = -b*n + 672 - 174. List the prime factors of n.
2, 83
Let q be -2 + 3 + (-699 - -2). Let f = q - -1092. List the prime factors of f.
2, 3, 11
Let u = 60 + -58. Suppose 2*g + x = 12, -u*g - x + 12 = x. Let k(j) = 2*j + 26. What are the prime factors of k(g)?
2, 19
Let l(y) = 9 + 1 + 101*y + 0 + 5. What are the prime factors of l(1)?
2, 29
Suppose 178 + 142 = -16*a. Let p(m) = -m**3 - 13*m**2 + 67*m - 37. List the prime factors of p(a).
1423
Let s = -52 - -55. Let h(b) = b**2 + 5*b - 4. List the prime factors of h(s).
2, 5
Let c = -109 - -261. Suppose -k + 2*x = -9, -5*k - 19*x + 32 = -16*x. Suppose -k*g - c = -9*g. What are the prime factors of g?
2, 19
Let d(i) = 75*i - 53. Let l be d(5). Suppose -4*c + 5*h + l = 0, -c - h = -5*c + 330. What are the prime factors of c?
83
Let l(h) be the third derivative of -4/3*h**3 + 16*h**2 + 0*h - 1/120*h**6 - 3/20*h**5 + 0 - 1/3*h**4. List the prime factors of l(-10).
2, 43
Let m(f) = 7 - 8*f + 20 - 35 + 2*f + 10. Let g be 2 + (-2)/2*4. List the prime factors o